6*(-2)/16 is divided by 9?
6
Suppose -26*r = -23*r + 6, -2*x + 5*r + 832 = 0. What is the remainder when x is divided by 135?
6
Suppose 78*x + 910 = 92*x. Calculate the remainder when 104 is divided by x.
39
Suppose j - 173 = -2*a + 70, 144 = a + 3*j. Calculate the remainder when 2098 is divided by a.
109
Let p(v) be the second derivative of 4*v**3/3 - 45*v**2 - 107*v. Calculate the remainder when p(19) is divided by 11.
7
Let l(s) = -76*s - 6369. What is the remainder when l(-104) is divided by 96?
95
Let c = -2 - -4. Suppose 350 = c*p + 3*p. Let i = 6504 + -6492. What is the remainder when p is divided by i?
10
Suppose -4*k + 4*a - 928 = 0, -452 = -2*k + 4*k + a. Let f = 316 + k. Calculate the remainder when f is divided by 23.
19
Suppose -2297 = -213*m - 593. Suppose -g = v + 2*v - 24, 0 = -g + v + 20. What is the remainder when g is divided by m?
5
Let h(w) = -w**3 - 13*w**2 - 13*w - 10. Let m = -45 + 33. Let r be h(m). What is the remainder when 93 is divided by (32/(-40))/(r/(-120))?
45
Suppose 4*t - 261 = -3*m, 724*t - 2*m = 729*t - 328. Calculate the remainder when 166 is divided by t.
34
Let d be (-3843)/23 - (63/69 + -1). Let k(j) = -j**3 + 13*j**2 - 2*j - 6. Let l be k(6). Let o = d + l. Calculate the remainder when o is divided by 14.
11
Let m be (-1 + 0)/(2/(-110)). Suppose k = m + 10. Calculate the remainder when k is divided by 36.
29
Suppose -k - 5*s = -5*k + 65, 0 = -3*k - 5*s + 110. Calculate the remainder when 289 is divided by k.
14
Let q be -1 - 8 - (15/5 - 10). What is the remainder when q/4*(-38)/(-57)*-81 is divided by ((-27)/6)/(2/(-4))?
0
Suppose 0 = -0*i - 5*i + 20. Let j(f) = f**2 + 25*f - 2. Let c be j(-25). Calculate the remainder when (-442)/39*1/c*3 is divided by i.
1
What is the remainder when 517 is divided by 56/1 + ((-20)/(-5) - -5)?
62
Let m(d) = -19*d - 20. Suppose -343*l = -312*l - 713. What is the remainder when m(-8) is divided by l?
17
Let q = -3113 + 5405. Suppose -12*t + q = -0*t. What is the remainder when t is divided by 16?
15
What is the remainder when 1675 is divided by (-11)/((-1)/((2/12)/(13/858)))?
102
Let z(r) = -3*r + 2. Let n(w) = 13*w - 9. Let u(g) = -2*n(g) - 9*z(g). Calculate the remainder when 112 is divided by u(6).
4
Let o(j) = -4*j**3 + 2*j**2 + 14*j + 7. Let c be o(-3). Suppose -3*h = 5*s - 610, -h + 2*s = c - 298. Calculate the remainder when h is divided by 69.
67
Let u(j) = -25*j**2 - j + 42. Let i(n) = -8*n**2 + 14. Let r(m) = 8*i(m) - 3*u(m). Calculate the remainder when r(4) is divided by 44.
42
Suppose -2*f + f = 140. What is the remainder when (f/8)/((-2)/20) + 3 is divided by 6?
4
Let p = 84 - 35. Suppose -28 = p*r - 53*r. Calculate the remainder when r is divided by 4.
3
Suppose 5*q = -3*o + 6*o + 3318, 2*q = -5*o + 1352. Suppose -q*v - 256 = -670*v. Calculate the remainder when 66 is divided by v.
2
Let w(x) = 30*x**2 + 4*x + 8. Suppose -9*c + 8*c = 5*r + 7, -r + 2*c = 8. Calculate the remainder when w(r) is divided by 41.
38
Let f be 9/((-9)/4) + -125. Let z = -183 - f. Let g = z + 66. What is the remainder when 118 is divided by g?
10
Suppose -168*a = -197*a + 58. Let s be (-81)/(-4) + (-2)/8. Calculate the remainder when 2 is divided by (-8)/(-14) - a/(-28)*s.
0
Let t = 23336 - 11135. What is the remainder when t is divided by 34?
29
Suppose -97*o + 94*o = -x - 59, 0 = -4*x + 28. Suppose j = -2*b + 122, -4*b = -6*b + j + 122. What is the remainder when b is divided by o?
17
Suppose -118*t = -5*i - 119*t + 322, -5*i + 314 = -3*t. Suppose -d - 1005 = -4*h, 4*d = -h + 98 + 166. Calculate the remainder when h is divided by i.
60
What is the remainder when 14 is divided by -2*2/(-8) - (7 - 115/10)?
4
Let l = 86 + -89. Let z = l - -3. What is the remainder when 4*2/(-4 + z) + 147 is divided by 37?
34
Let j(g) = -311*g - 2716. Calculate the remainder when 2807 is divided by j(-9).
68
Let a be (-30)/(-6) + 17*-3. Let t be 96/(-36)*(-1 - a). Let x = t - -225. Calculate the remainder when x is divided by 12.
9
Let r(g) = 7*g + 128. Let d be r(-16). Let h(s) = -8 - 6 + 0*s + 3 + s. Calculate the remainder when 22 is divided by h(d).
2
Let l(m) = m**3 + 52*m**2 + 53*m - 28. What is the remainder when l(-18) is divided by 45?
44
Suppose 43*n - 40*n + 372 = 0. Let j = n - -248. Calculate the remainder when j is divided by 32.
28
Suppose -62*p + 3822 + 859 + 341 = 0. What is the remainder when 280 is divided by p?
37
Let y = 72 - 36. Let t be y/15*(-10)/(-4). Suppose -87 = -t*n + 21. What is the remainder when 122 is divided by n?
14
Suppose -21 + 0 = -3*d. Let j = -26 - -16. Let u = d - j. Calculate the remainder when 47 is divided by u.
13
Suppose -16735*a - 992 = -16739*a. Calculate the remainder when a is divided by 122.
4
Suppose q = 88 - 10. Let k be q/8 + 1/4. Suppose -d = -k*d + 207. What is the remainder when d is divided by 8?
7
Suppose -4*k + s = -527, 5*k + 42 - 691 = -2*s. Calculate the remainder when k is divided by 5/(15/(-18)) - (-11 - (1 - -9)).
11
Let g be (-4 + 8)/(4/(-34)). Calculate the remainder when 53 is divided by 19 + -14 + g/(-2).
9
Suppose 5*w = 2*w + 69. Suppose 17050 = 583*c - 3265 + 3408. Calculate the remainder when c is divided by w.
6
Suppose -5*q - 70 = -19*q. Suppose q*a = 0, -l = -a + 3*a + 4. What is the remainder when 1225/8 + l/32 is divided by 40?
33
Let h(o) = 31*o - 7. Let u be 8/28 - (-36)/21*1. Suppose 0*f - u = -f. Calculate the remainder when h(f) is divided by 29.
26
Suppose -3987 = 35*z - 72657. Calculate the remainder when z is divided by 13.
12
Let i(c) = -2*c**2 + c + 3. Let m be i(-5). Let x = m + 101. What is the remainder when x is divided by ((-92)/(-6) - 24)/(4/(-6))?
10
Suppose -16*w + 144 = 3*w - w. Calculate the remainder when 853 is divided by w.
5
Suppose -25*a = -13*a - 984. Calculate the remainder when (a/18*-3)/((-3)/9) is divided by 7.
6
Let k(b) = b**2 + b - 3. Let a(x) = 2*x - 53. Calculate the remainder when a(34) is divided by k(-3).
0
Let f = -21 - 1026. Let m = 1557 + f. Calculate the remainder when m is divided by 27.
24
Let p = -2756 + 2809. What is the remainder when 237 is divided by p?
25
What is the remainder when 123/(((-16)/(-104))/((-8)/(-4))) is divided by 100?
99
Let k(q) be the second derivative of q**4/12 - q**3/3 - 3*q**2/2 - 2*q. Let a be k(5). Calculate the remainder when 25 is divided by -2 + (a - -3) + -4.
7
Let y(v) = -2*v**3 - 32*v**2 - 152*v - 3. Calculate the remainder when y(-6) is divided by 46.
5
What is the remainder when 961 is divided by 0 + 30/(-315) - (-2 + (-13402)/42)?
319
Let j be (-1)/((-1326)/264 - -5). Suppose -j - 31 = -3*g. What is the remainder when 35 is divided by g?
10
Suppose 0 = -79*r + 107788 + 32200. What is the remainder when r is divided by 125?
22
Suppose 2499 = 354*z - 333*z. Calculate the remainder when 9398 is divided by z.
116
Let q be 48/21 - 2*3/21. Suppose -188 - 132 = -q*r. Calculate the remainder when 38 is divided by 12/10*r/24.
6
Let s = 4 + 15. Let q = s + -3. Calculate the remainder when 3/(5 + -2) - -60 is divided by q.
13
Suppose 21*w - 377 = -1574. What is the remainder when 229 is divided by (-2)/3 - 1691/w?
26
Suppose -3*c + 25 = 2*c. Let v(y) = -132*y**3 - 8*y**2 - 7*y. Let g be v(-1). Suppose c*q = 224 + g. What is the remainder when q is divided by 15?
11
Suppose 9*p = 4*p + a - 5, -20 = -p - 4*a. Suppose p = 2*b + 247 - 285. Calculate the remainder when 34 is divided by b.
15
Let v = -11450 - -12031. What is the remainder when 1170 is divided by v?
8
Suppose -12 = -2*v, 5*s - 12*v = -5*v + 1053. Calculate the remainder when s is divided by 125.
94
Suppose 14*q = -19*q + 5*q + 1120. What is the remainder when (119/2)/(1/2) is divided by q?
39
Suppose 0 = 3*a - 4 + 13, 2*m = 2*a + 2226. What is the remainder when m is divided by 204?
90
Let v be (8 - (-498)/(-15))/(9/(-30)). Suppose -83*c + v*c = 13. What is the remainder when 48 is divided by c?
9
Let c = 1789 - 1383. Calculate the remainder when c is divided by 23.
15
Let p = -2360 - -2402. What is the remainder when (1 + 1)*1004/8 is divided by p?
41
Suppose -k + 0*k + 5*k = 0. Suppose k = -3*t + 5*g + 302, -3*t + 307 = -3*g - g. What is the remainder when t is divided by 29?
22
Let i(u) = -u**2 - 12*u + 163. Let w be i(-20). Suppose -o + 26 = -5*x + 4*x, 0 = -w*o + 2*x + 74. What is th